 4*z**2. Let g be b(-2). Suppose c + 2*i - 246 + 53 = 0, -g = -5*c + 2*i. Is c a prime number?
False
Let y(q) be the second derivative of 11*q**2 - 1/6*q**3 + 0 - 1/12*q**4 + q. Is y(0) a composite number?
True
Suppose 6*y - 62178 = -0*y. Let s = y - 5574. Is s a prime number?
True
Let q = 4 - 2. Suppose -q*d - 306 = -3*d + w, 5*w = 5. Is d a composite number?
False
Let h be -4 + (0 - -4) - -1. Is -633*(-1)/3*h a prime number?
True
Suppose -134 = -x - 3*s, 0*x = x + s - 132. Is x a prime number?
True
Let q(l) = 2903*l**3 - l**2 - 8*l + 9. Is q(1) prime?
True
Suppose -9*v + 109242 = 8*v. Let l = v + -3615. Is l a prime number?
False
Let y(d) = -d + 7. Let h be y(10). Is 2/h*10644/(-8) a composite number?
False
Let t be (1*-3)/(12/(-1168)). Let p = 97 - 278. Let x = t + p. Is x composite?
True
Suppose 4*r + 24632 = -2*s + 74528, -2*r = -4*s - 24938. Is r a composite number?
False
Let m(q) = -4*q + 1. Let c(i) = 236*i + 1. Let a(u) = -c(u) + 2*m(u). Let f = 7 + -10. Is a(f) a composite number?
False
Suppose -5*g + 5*a - 5 = -0, 3*g + 4 = 2*a. Let v(u) = -321*u - 7. Is v(g) prime?
False
Let p(g) be the third derivative of -8*g**2 + 1/3*g**4 + 1/2*g**3 + 0*g + 0. Is p(8) a composite number?
False
Let r(b) = 3*b**2 - 2*b - 10. Let j be 1/((28/12)/(-7)). Is r(j) a composite number?
False
Let a(q) = q**2 + 2*q + 45. Is a(20) composite?
True
Let f(z) = 6*z**2 - 11*z + 21. Let k be f(9). Let j = 655 - k. Is j composite?
True
Let b = 1920 + 7571. Is b a composite number?
False
Suppose 1460 = 10*f - 5*f. Suppose 2*i + p = 3*p + f, -i = 5*p - 140. Is i a prime number?
False
Suppose 7*c - 4*c = -984. Let d = c - -635. Is d composite?
False
Let q(f) = 6516*f + 2. Let z be q(1). Suppose 0 = -51*u + 53*u - z. Is u a prime number?
True
Suppose 2*y + 2*i - 26 = 0, 5*y - 3*y = i + 32. Suppose 4*h = -y - 33. Is 106/3*h/(-8) composite?
False
Let n be 0 - (2 + -3 + 1). Suppose c + 4*q - 11 - 1 = n, -4*c - 3*q + 9 = 0. Suppose -528 = -3*p + 5*z + 245, c = p - z - 255. Is p composite?
False
Suppose -11 - 21 = 4*p. Let x = p + 6. Let o(u) = -36*u**3 + 2*u**2 + 2*u - 1. Is o(x) prime?
False
Suppose -2*p + 92 = -164. Let m(f) = 14*f - 7. Let w be m(7). Let t = p - w. Is t a prime number?
True
Suppose 0 = -3*z + 3685 - 370. Let f = z + -424. Is f composite?
True
Let q = -8540 + 17023. Is q prime?
False
Let y = -8 - -11. Suppose y*o - 1004 = -o. Let f = -136 + o. Is f composite?
True
Suppose 2*h + 125 = 129. Let z = 13 - 8. Suppose -67 = -3*q + h*a, -5*q - z*a - 8 + 78 = 0. Is q a composite number?
False
Let z be 79 + (-2 - 0 - 0)*-1. Suppose 2949 + z = 6*m. Is m a prime number?
False
Suppose 0 = -104*q + 114*q - 239290. Is q a prime number?
True
Suppose 0*q - 35930 = -10*q. Is q composite?
False
Let v = 38633 - 4416. Is v a composite number?
False
Suppose -4*b + 222 + 34 = 0. Let f = 1401 + b. Is f prime?
False
Suppose 9*z - 21 = 6*z. Let s(g) = 3*g**3 + 18*g**2 - 3*g - 21. Let h(a) = 2*a**3 + 12*a**2 - 2*a - 14. Let n(l) = z*h(l) - 5*s(l). Is n(-7) composite?
True
Is (-921 + 2)/(28/(-140)) a composite number?
True
Let g = -34 - -39. Suppose -g*o + 9197 + 5468 = 0. Is o composite?
True
Let r be (-177)/(-9)*(-1 - -4). Suppose 0 = 2*c - r - 33. Is c a composite number?
True
Let s(b) = -b**2 + 5*b - 2. Let t be s(-5). Let d = 171 + t. Is d prime?
False
Suppose 3*y = u - 5*u + 69, 0 = -5*y - 5*u + 120. Suppose 5*v + 12 = y. Suppose v*i = -i + 476. Is i composite?
True
Let s = 3914 - 1005. Is s composite?
False
Let y be (-3 - 2)/(2/(-2)). Let a(s) = -y*s**3 + 38*s**3 - s**2 - 3 + 2. Is a(2) a composite number?
True
Suppose 2159 + 1634 = b. Is b composite?
False
Suppose 0 = -2*a + 7*a - 44375. Suppose 9*s - a = 4*s. Suppose k + 0*k = 2*u - 708, -5*u = -5*k - s. Is u prime?
True
Is 5035 - -6 - (8 - 0) prime?
False
Let h(q) = 453*q**2 - q - 1. Let k be h(-1). Suppose 5*r - 2265 = -5*m, -4*r - r - k = -m. Is m a composite number?
True
Suppose -4*b - o - 167 = -1663, 4 = o. Is b prime?
True
Let z = -2516 + 4363. Is z composite?
False
Suppose -m + 5*y = -2343, 2*m + 4*y - 844 = 3800. Suppose 2*v - 6*v = m. Is (v/12)/((-1)/2) a composite number?
False
Suppose 0 = 2*o - v + 674, 4 = -v + 6. Let j = o + 484. Let p = 63 + j. Is p a composite number?
False
Suppose -d + 439 = -210. Is d composite?
True
Let w(k) = -4*k - 2. Let m be w(-2). Is 11767/14 - 9/m a composite number?
False
Let k = -26846 - -64959. Is k a composite number?
False
Suppose -5 = 5*i, -3*w - 2*i + 3*i + 4339 = 0. Suppose 0 = -6*h + w - 180. Is h prime?
True
Suppose -2*z = 2*z + 3*p - 14019, -17550 = -5*z + 5*p. Suppose -2*q - 4*s + 573 = -z, -8154 = -4*q - 5*s. Suppose 4*d + q = 8*d. Is d a prime number?
True
Suppose 7*x - 12*x = -5*t - 97025, 3*t - 77620 = -4*x. Is x a composite number?
True
Suppose -2*q + 5*q = 10245. Suppose -d + 1338 = d - 5*w, -5*d = 5*w - q. Is d prime?
False
Let b be -20*(-4)/(-8)*-1. Let y be 44/b + 4/(-10). Suppose -197 = -3*s - s + 3*u, -s + 59 = -y*u. Is s a prime number?
True
Suppose -6*f + 9*f - 6 = 0. Suppose 0 = -2*i + f*h + 26, -4*i = -2*i - 5*h - 26. Is i a composite number?
False
Let t = -4392 + 13625. Is t composite?
True
Let k = 2221 - 903. Is k composite?
True
Let y = -37 - -37. Is 140 + 4 + (-1 - y) a composite number?
True
Is -1*(40/(-5) + -2273) a composite number?
False
Suppose 18 = -a - 16. Let s = a + 4. Is (s/(-24))/(1/44) a composite number?
True
Let j = 1023 - 441. Let d = j - -91. Is d a prime number?
True
Let j = -202 + 36. Let t = 137 - j. Is t prime?
False
Let l(o) = 1048*o**3 - 5*o**2 + 4*o - 3. Is l(2) composite?
False
Let q be (-20)/(-6) + 8/12. Suppose -5*u + 20 = 0, -q*j = 5*u - 423 - 253. Suppose -5*n + 5*i + 615 = 0, -n + 4*i - 29 + j = 0. Is n a composite number?
True
Suppose 8*f - 11*f - 64077 = -3*b, -5*f = -2*b + 42712. Is b a prime number?
False
Let z(p) = -3*p**2 + 5*p + 29. Let j(n) = -n**2 + 2*n + 10. Let t(a) = -17*j(a) + 6*z(a). Let x be t(-4). Suppose x*o - 29 = 15. Is o a prime number?
True
Suppose -7*m = 4*y - 3*m - 40, -5 = -4*y + 3*m. Let h = -3 + y. Suppose -3*a + 191 = -2*q + 10, -h*q = a - 55. Is a a composite number?
False
Let g = 9173 - 5932. Suppose -5*o = r - 2*r - 23, 2*r + 10 = -2*o. Is g/28 + 6/r composite?
True
Let m(z) = -2*z**3 + 18*z**2 + 41*z + 8. Is m(-19) a prime number?
False
Let o be 9/7 + -1 - 18957/(-21). Let x = o + -316. Is x a composite number?
False
Let g(q) = q**3 + 5*q**2 + 8*q + 1. Let m(v) = -13*v**3 + v. Let h be m(-1). Is g(h) a prime number?
False
Let u(b) be the second derivative of b**5/20 - b**4/3 - 7*b**3/3 + 2*b**2 - 14*b. Is u(11) a composite number?
True
Let n(h) = 2*h**3 - 10*h**2 - 13*h + 6. Let d be n(6). Suppose -8*r + 11*r - 1146 = d. Is r a composite number?
True
Suppose 2*o = n - 209, -2*o + 221 = n - 0*o. Is n a prime number?
False
Suppose -74068 = -3*s + 1835. Is s prime?
True
Let q be ((-24)/(-9))/(2/18). Let j = q + -68. Let l = 225 - j. Is l a prime number?
True
Suppose y + y = -4558. Let m = y + 3665. Let t = -833 + m. Is t a composite number?
True
Let w(c) = -c**3 + 39*c**2 - 23*c + 151. Is w(18) a composite number?
True
Suppose 30 = j + 4*j. Let a(x) = 4*x**2 + 1. Is a(j) a composite number?
True
Suppose a + 4*a = -195. Let z = 86 + a. Is z a prime number?
True
Let p be -2 + 2 - (-248 + -6). Let j = p + -133. Is j prime?
False
Let g = 18462 - 7938. Is (1 - 0)/(12/g) prime?
True
Suppose 18*j = 23*j - 20. Suppose -19 = j*h - 5*h. Is h prime?
True
Suppose -11 + 24 = -4*g - h, -2*h = 5*g + 14. Is (g + -2)*(-1623)/18 composite?
False
Suppose -6*n + t - 4638 = -n, -2794 = 3*n + 5*t. Let s(p) = 1340*p**2 - 2*p - 1. Let y be s(-1). Let b = y + n. Is b composite?
True
Suppose -274*c + 281*c - 106617 = 0. Is c prime?
False
Let s(w) = -2*w**3 + 34*w**2 - 5*w + 11. Is s(14) prime?
True
Suppose 15*h + 3*h - 28278 = 0. Let m = 558 + h. Is m prime?
True
Let g(q) = -q**3 - 5*q**2 + 0*q**2 - 8 + 0*q - 2*q - 3*q**2. Let x be g(-8). Suppose -x*p + 267 = -5*p. Is p a composite number?
False
Let f = 137 - 134. Suppose -g - f*r = -214, 4*r = 9*r - 5. Is g prime?
True
Let y = 3109 - 1938. Is y a prime number?
True
Let n(h) = 3563*h**2. Is n(-1) a prime number?
False
Suppose -2*t = 77 - 89. Is (4615/(-15) + 3)/((-4)/t) a prime number?
True
Let q(y) = -y**2 + 10*y + 3. Let o be q(10). Suppose 0*n - o*n = 0. Suppos